t common factor of m and 75.
15
Let g(i) = 4*i**2 + 48*i + 8. Let d be g(-12). Suppose 5*f - 244 = -44. Calculate the highest common divisor of d and f.
8
Let p = 4 - 2. Let s(q) = -5*q + 5*q**3 - 4*q**3 + 10 + q**p + 6*q. Let y be s(0). What is the highest common divisor of 25 and y?
5
Let b(o) = 1. Let l(x) = -x**2 - 4*x + 1. Let n(m) = 2*b(m) - l(m). Let j be n(-6). What is the greatest common divisor of 13 and j?
13
Let l = -59 - -91. Calculate the greatest common factor of l and 16.
16
Let d be 10/(-14) + (-4)/14. Let p = -4 - -6. Let q be (9 + d)*p/4. What is the highest common divisor of q and 12?
4
Let p = 209 + -41. Calculate the highest common factor of p and 21.
21
Suppose -14 + 5 = 3*d, 2*n + 5*d = 723. Calculate the greatest common factor of n and 41.
41
Let l(b) = -b**2 + 6*b - 4. Let i be l(4). Suppose 2*h - 4*w + 676 = 6*h, -4*h + i*w = -668. What is the greatest common factor of 21 and h?
21
Let w be ((-36)/(-3))/((-3)/(-2)). Let m = 14 + w. What is the greatest common factor of 198 and m?
22
Suppose -6 - 6 = -4*j. What is the highest common divisor of j and 27?
3
Let z(d) = d + 6. Let p be z(-4). Let n be (1 - p)*(-28)/(-7). Let t = n + 18. What is the greatest common factor of t and 14?
14
Suppose -9*c + 5*c = -160. Suppose 4*s = c - 4. Calculate the highest common divisor of 3 and s.
3
Let n be (20/3)/(4/(-12)). Let q = 33 + n. Calculate the greatest common factor of q and 78.
13
Suppose v + 4*v = -c + 132, 0 = 2*v - 6. Calculate the greatest common factor of 13 and c.
13
Let w be ((-30)/(-9))/((-6)/45). Let i be (165/w)/((-2)/10). What is the highest common divisor of 22 and i?
11
Let r be (-303)/(-33) + (-4)/22. What is the greatest common factor of 18 and r?
9
Let i(j) = 14*j + 12. Let h be i(10). Calculate the highest common factor of 19 and h.
19
Let h be (2904/110)/(3/10). Calculate the highest common divisor of 11 and h.
11
Let y(g) = -5*g - 7. Let o be (6/4)/((-3)/8). Let q be y(o). Calculate the highest common factor of q and 13.
13
Suppose -4*h + 0 = -u - 6, 4 = -2*u. What is the greatest common divisor of 4 and h?
1
Let d be 8/(-4) - (-148)/2. Calculate the greatest common divisor of 9 and d.
9
Let k = 141 - 37. Suppose 0 = -2*t - t + 12. Suppose -4*v + 37 = -3*q, -4*v + 86 = t*q + 14. Calculate the greatest common divisor of k and v.
13
Let t(z) = -z**2 - 4*z + 7. Let k be t(-3). What is the highest common divisor of k and 15?
5
Let f = 29 + -14. What is the greatest common factor of f and 60?
15
Suppose 5*f - 214 = -4*a, -146 = -4*a - f + 76. Let p = a - 37. Let z = -139 + 310. Calculate the highest common factor of z and p.
19
Let a = -2 - -2. Suppose a = 2*c + y + 8, y + 6 = -c - 0*c. Let q be (-328)/(-28) - c/7. Calculate the greatest common factor of 18 and q.
6
Let b be ((-2)/(-4))/(2/(-132)). Let o = b - -89. Suppose 5*a - 6*a = 3*y - 20, 5*a = -3*y + 76. What is the greatest common factor of o and a?
14
Let g = 138 - 12. Calculate the greatest common factor of 18 and g.
18
Suppose 3*v - 2*g + 0*g = -42, 2*g - 74 = 5*v. Let h = 26 + v. Suppose d = -0*d + 1. Calculate the greatest common divisor of d and h.
1
Suppose 20 + 16 = 4*p - 2*u, -2*u + 24 = 2*p. Calculate the highest common factor of p and 50.
10
Let d be (-12)/5 + 3/(-5). Let l be 0*(-1)/d + 9. Calculate the greatest common divisor of 18 and l.
9
Let j(v) be the second derivative of 7/12*v**4 + 2*v + 7/6*v**3 + 9/2*v**2 + 0 + 1/20*v**5. Let g be j(-6). What is the greatest common divisor of g and 24?
3
Let u = -14 + 66. Let k = 69 - 40. Let i = k + -16. Calculate the highest common divisor of u and i.
13
Suppose -b - 2 + 6 = 0. Let l = 7 - 11. Let t(k) = k**3 + 5*k**2 + k + 4. Let q be t(l). Calculate the greatest common factor of b and q.
4
Let k = -2 - -4. Let j(u) = -u**3 - 21*u**2 - 22*u - 22. Let o be j(-20). Calculate the greatest common divisor of o and k.
2
Suppose -2*z - 415 = -5*j, 445 = 5*j + 5*z - z. Calculate the greatest common divisor of 34 and j.
17
Let m(x) = -4*x - 38. Let q be m(-11). What is the greatest common factor of 2 and q?
2
Let k(p) = 18*p - 6. Let b be k(1). Let x = -41 - -137. What is the highest common divisor of x and b?
12
Let k be 7*(-3)/6*-2. Suppose 5*b = -0*b + 105. What is the highest common factor of b and k?
7
Suppose -31 = 3*v - 4*v - 5*f, -2*f + 52 = 4*v. Let j = v + -7. What is the highest common factor of 28 and j?
4
Let f be ((-1 + 1)/2)/(-1). Suppose f = -5*l + 8*l - 12. Calculate the highest common divisor of l and 6.
2
Let d(v) = 3*v**2 + 4*v. Let o be d(6). Suppose -4*k + 29 = -7. Let w = k - -3. Calculate the highest common divisor of w and o.
12
Let x(s) = 36*s**2 - 3*s + 2. Let f be x(2). Calculate the greatest common factor of f and 20.
20
Let d be (2 - 5 - 7)/(-2). Suppose 0 = i - 16 + d. Calculate the greatest common divisor of 55 and i.
11
Suppose 100 - 396 = -3*j - 5*m, j = m + 104. What is the highest common divisor of j and 68?
34
Suppose -2*m + 4*m = 38. Suppose 209 = -2*r + 3*r. What is the highest common divisor of r and m?
19
Let b = 31 - 17. Let p = -33 + 75. Calculate the greatest common divisor of p and b.
14
Let a(q) = -q**2 + 6*q + 4. Let f be a(7). Let r be (5/f)/(7/(-504)). What is the highest common factor of 15 and r?
15
Let y = 31 + -22. Let h = -186 - -285. Calculate the greatest common divisor of y and h.
9
Let b be (-78)/(-3) + -1 + 0. What is the highest common divisor of b and 5?
5
Suppose -2*w = -w - 9. Suppose 4*c = w*c - 60. Let r(l) = -47*l + 2. Let s be r(-2). What is the greatest common factor of s and c?
12
Let s be (-6)/(-27) - (-88)/9. Calculate the greatest common divisor of s and 40.
10
Let b(s) = s + 3. Let p be b(4). Let t = 82 - 19. What is the greatest common divisor of p and t?
7
Let m be (-1)/((2/(-60))/((-6)/(-15))). Calculate the greatest common divisor of 12 and m.
12
Let w = -51 + 21. Let d be (-1 + 0/2)*w. Suppose -4*h = h - d. Calculate the greatest common factor of h and 66.
6
Let t = 6 + -1. Suppose 4*k - 45 = k. What is the highest common divisor of k and t?
5
Suppose 0 = -0*j + 4*j - 104. Calculate the greatest common factor of 39 and j.
13
Suppose -2*a = -3*h + 94, h + h = 4*a + 68. Suppose m - 4*q - 123 = -2*m, -2*q = -6. What is the highest common divisor of h and m?
15
Let s(x) = x**3 + 3*x**2 - 2*x - 4. Let i be s(-3). What is the greatest common factor of 4 and i?
2
Suppose l + 19 = -3*v, 5*v + 61 = -4*l + 20. Let h be ((-2)/v)/(2/10). Suppose -h*q + q + 72 = 0. Calculate the greatest common factor of 8 and q.
8
Suppose -3*m + 2*f = -7*m + 18, 3*m = -4*f + 21. Let w = -2 + m. Let s be 5 + w/(1/2). Calculate the highest common factor of s and 1.
1
Let j = 1 - -2. What is the greatest common divisor of j and 21?
3
Let d be (-50)/(-3) - (-10)/(-15). What is the highest common factor of d and 144?
16
Suppose 4*p - 8 = 2*p. Let k(j) = 7*j - 3. Let q be k(5). Calculate the greatest common factor of q and p.
4
Let q(h) = -h**2 - 12*h + 39. Let z be q(-13). Calculate the highest common divisor of 78 and z.
26
Let j be (-3 - -2)/(-2 - -1). Suppose 2*z - j = 41. Let b be 540/z + (-2)/(-7). What is the greatest common factor of 65 and b?
13
Let b be 10/4*(-72)/(-15). What is the greatest common divisor of b and 4?
4
Let i = 9 + -3. What is the greatest common factor of i and 15?
3
Suppose -u + 25 = -6. What is the highest common divisor of u and 31?
31
Suppose -4*f - 4 = 0, -f + 7 = 4*d - 0*f. What is the greatest common factor of d and 14?
2
Let g(u) = 4*u + 5. Let b(r) = 13*r + 15. Let h(i) = -2*b(i) + 7*g(i). Let d be h(4). Calculate the greatest common divisor of 117 and d.
13
Let t(k) = k**3 + 5*k**2 - 2*k + 1. Let l be t(-3). Let o = 0 - -5. Let i be 22/o - 10/l. Calculate the highest common factor of 4 and i.
4
Suppose i - 15 = -2*n - 0*i, 37 = 4*n - 5*i. What is the highest common divisor of 32 and n?
8
Let b be -1 + (-5 + 2 - -25). What is the highest common divisor of b and 273?
21
Suppose 2*m - 4*m + 6 = 0. Suppose 0 = -m*q + 13 + 2. Let l(s) = s**3 - 6*s**2 + 6*s + 4. Let k be l(q). What is the greatest common divisor of 81 and k?
9
Suppose -2*i + 2*b + 12 = 0, -3*i + i - 2*b = -8. Let q be 29/6 - 2/(-12). What is the highest common divisor of i and q?
5
Let f(j) = 11*j**2. Let o be f(1). What is the greatest common divisor of 55 a